{"id":58,"date":"2018-11-20T10:27:16","date_gmt":"2018-11-20T09:27:16","guid":{"rendered":"https:\/\/thomaswilk.com\/wordpress\/?page_id=58"},"modified":"2018-12-10T10:01:27","modified_gmt":"2018-12-10T09:01:27","slug":"unterricht","status":"publish","type":"page","link":"https:\/\/maria-brinck.de\/?page_id=58","title":{"rendered":"Unterricht"},"content":{"rendered":"\n<div style=\"height:67px\" aria-hidden=\"true\" class=\"wp-block-spacer\"><\/div>\n\n\n\n<p><strong>Einzelunterricht (45min\/w\u00f6chentlich) &#8211; 85 Euro\/Monat<\/strong><\/p>\n\n\n\n<p>Zum Kennenlernen ist eine kostenlose und unverbindliche Probestunde jederzeit m\u00f6glich.<br>Gruppenunterricht, Musik &#8211; und Ensembleprojekte nach Verf\u00fcgbarkeit und in Zusammenarbeit mit der <a href=\"http:\/\/www.musikschule-seesen.de\/\" target=\"_blank\" rel=\"noreferrer noopener\" aria-label=\"Zum Kennenlernen ist eine kostenlose und unverbindliche Probestunde jederzeit m\u00f6glich.\nGruppenunterricht, Musik - und Ensembleprojekte nach Verf\u00fcgbarkeit und in Zusammenarbeit mit der Musikschule Seesen\n (\u00f6ffnet in neuem Tab)\">Musikschule Seesen<\/a><br><\/p>\n\n\n\n<p>Der Monatsbeitrag versteht sich als 12 Teil einer Jahresgeb\u00fchr. Diese ist unabh\u00e4ngig von unterrichtsfreier Zeit und Feiertagen zum 1. des Monats f\u00fcr den laufenden Monat f\u00e4llig.<\/p>\n\n\n\n<div style=\"height:62px\" aria-hidden=\"true\" class=\"wp-block-spacer\"><\/div>\n\n\n\n<p>Harfenunterricht f\u00fcr Anf\u00e4nger auf Anfrage.<br><\/p>\n","protected":false},"excerpt":{"rendered":"<p>Einzelunterricht (45min\/w\u00f6chentlich) &#8211; 85 Euro\/Monat Zum Kennenlernen ist eine kostenlose und unverbindliche Probestunde jederzeit m\u00f6glich.Gruppenunterricht, Musik &#8211; und Ensembleprojekte nach Verf\u00fcgbarkeit und in Zusammenarbeit mit der Musikschule Seesen Der Monatsbeitrag versteht sich als 12 Teil einer Jahresgeb\u00fchr. Diese ist unabh\u00e4ngig <a href=\"https:\/\/maria-brinck.de\/?page_id=58\" class=\"more-link\">Read More<\/a><\/p>\n","protected":false},"author":2,"featured_media":0,"parent":0,"menu_order":0,"comment_status":"closed","ping_status":"closed","template":"","meta":{"footnotes":""},"class_list":["post-58","page","type-page","status-publish","hentry"],"_links":{"self":[{"href":"https:\/\/maria-brinck.de\/index.php?rest_route=\/wp\/v2\/pages\/58","targetHints":{"allow":["GET"]}}],"collection":[{"href":"https:\/\/maria-brinck.de\/index.php?rest_route=\/wp\/v2\/pages"}],"about":[{"href":"https:\/\/maria-brinck.de\/index.php?rest_route=\/wp\/v2\/types\/page"}],"author":[{"embeddable":true,"href":"https:\/\/maria-brinck.de\/index.php?rest_route=\/wp\/v2\/users\/2"}],"replies":[{"embeddable":true,"href":"https:\/\/maria-brinck.de\/index.php?rest_route=%2Fwp%2Fv2%2Fcomments&post=58"}],"version-history":[{"count":7,"href":"https:\/\/maria-brinck.de\/index.php?rest_route=\/wp\/v2\/pages\/58\/revisions"}],"predecessor-version":[{"id":528,"href":"https:\/\/maria-brinck.de\/index.php?rest_route=\/wp\/v2\/pages\/58\/revisions\/528"}],"wp:attachment":[{"href":"https:\/\/maria-brinck.de\/index.php?rest_route=%2Fwp%2Fv2%2Fmedia&parent=58"}],"curies":[{"name":"wp","href":"https:\/\/api.w.org\/{rel}","templated":true}]}}

<div style="height:67px" aria-hidden="true" class="wp-block-spacer"></div>



<p><strong>Einzelunterricht (45min/wöchentlich) &#8211; 85 Euro/Monat</strong></p>



<p>Zum Kennenlernen ist eine kostenlose und unverbindliche Probestunde jederzeit möglich.<br>Gruppenunterricht, Musik &#8211; und Ensembleprojekte nach Verfügbarkeit und in Zusammenarbeit mit der <a href="http://www.musikschule-seesen.de/" target="_blank" rel="noreferrer noopener" aria-label="Zum Kennenlernen ist eine kostenlose und unverbindliche Probestunde jederzeit möglich.
Gruppenunterricht, Musik - und Ensembleprojekte nach Verfügbarkeit und in Zusammenarbeit mit der Musikschule Seesen
 (öffnet in neuem Tab)">Musikschule Seesen</a><br></p>



<p>Der Monatsbeitrag versteht sich als 12 Teil einer Jahresgebühr. Diese ist unabhängig von unterrichtsfreier Zeit und Feiertagen zum 1. des Monats für den laufenden Monat fällig.</p>



<div style="height:62px" aria-hidden="true" class="wp-block-spacer"></div>



<p>Harfenunterricht für Anfänger auf Anfrage.<br></p>

<p>Einzelunterricht (45min/wöchentlich) &#8211; 85 Euro/Monat Zum Kennenlernen ist eine kostenlose und unverbindliche Probestunde jederzeit möglich.Gruppenunterricht, Musik &#8211; und Ensembleprojekte nach Verfügbarkeit und in Zusammenarbeit mit der Musikschule Seesen Der Monatsbeitrag versteht sich als 12 Teil einer Jahresgebühr. Diese ist unabhängig <a href="https://maria-brinck.de/?page_id=58" class="more-link">Read More</a></p>
